tors of 2635283?
7, 376469
List the prime factors of 32316912.
2, 3, 224423
What are the prime factors of 3108972?
2, 3, 509
What are the prime factors of 444474?
2, 3, 8231
List the prime factors of 6513109.
89, 73181
What are the prime factors of 11982924?
2, 3, 181, 613
What are the prime factors of 1232891?
11, 17, 19, 347
List the prime factors of 2803597.
47, 59651
What are the prime factors of 1854378?
2, 3, 71, 1451
What are the prime factors of 4446608?
2, 19, 14627
List the prime factors of 887265.
3, 5, 19717
What are the prime factors of 6506418?
2, 3, 1084403
What are the prime factors of 183674?
2, 91837
What are the prime factors of 1251005?
5, 7, 31, 1153
What are the prime factors of 32567339?
7, 911, 5107
What are the prime factors of 382609?
157, 2437
What are the prime factors of 3370348?
2, 842587
List the prime factors of 4399079.
4399079
What are the prime factors of 15046241?
7, 17, 227, 557
List the prime factors of 49706.
2, 29, 857
What are the prime factors of 3912279?
3, 7, 186299
List the prime factors of 902517.
3, 7, 11, 3907
List the prime factors of 122130.
2, 3, 5, 23, 59
List the prime factors of 525305.
5, 11, 9551
What are the prime factors of 5939838?
2, 3, 29, 3793
What are the prime factors of 6356106?
2, 3, 353117
What are the prime factors of 932005?
5, 53, 3517
List the prime factors of 828444.
2, 3, 17, 31, 131
What are the prime factors of 21432?
2, 3, 19, 47
What are the prime factors of 3267650?
2, 5, 65353
What are the prime factors of 21932?
2, 5483
What are the prime factors of 17740473?
3, 271, 21821
What are the prime factors of 214923?
3, 31, 2311
List the prime factors of 4594425.
3, 5, 11, 5569
What are the prime factors of 2528272?
2, 158017
List the prime factors of 3511646.
2, 1755823
List the prime factors of 520545.
3, 5, 34703
What are the prime factors of 101261?
109, 929
What are the prime factors of 17380684?
2, 1783, 2437
List the prime factors of 411741.
3, 11, 4159
List the prime factors of 516160.
2, 5, 1613
What are the prime factors of 597505?
5, 73, 1637
List the prime factors of 461414.
2, 17, 41, 331
What are the prime factors of 299459?
19, 15761
List the prime factors of 259998.
2, 3, 17, 2549
List the prime factors of 31256950.
2, 5, 233, 2683
What are the prime factors of 682779?
3, 227593
List the prime factors of 182581.
7, 26083
List the prime factors of 1821457.
11, 165587
List the prime factors of 2844569.
7, 13, 31259
List the prime factors of 1080673.
11, 17, 5779
List the prime factors of 9317204.
2, 13, 233, 769
List the prime factors of 3383051.
7, 17, 28429
List the prime factors of 20602693.
31, 664603
List the prime factors of 1342129.
241, 5569
List the prime factors of 4238688.
2, 3, 67, 659
What are the prime factors of 527600?
2, 5, 1319
What are the prime factors of 213099?
3, 251, 283
List the prime factors of 222999.
3, 7, 37, 41
List the prime factors of 724021.
724021
What are the prime factors of 1901701?
349, 5449
List the prime factors of 20382575.
5, 17, 199, 241
List the prime factors of 612102.
2, 3, 17, 353
List the prime factors of 1714053.
3, 11, 51941
List the prime factors of 92575.
5, 7, 23
What are the prime factors of 2037200?
2, 5, 11, 463
List the prime factors of 20113555.
5, 7, 11, 89, 587
What are the prime factors of 14429121?
3, 7, 687101
What are the prime factors of 3387726?
2, 3, 17, 11071
What are the prime factors of 8208195?
3, 5, 17, 32189
List the prime factors of 1785539.
7, 255077
List the prime factors of 558345.
3, 5, 37223
What are the prime factors of 1310087?
1310087
List the prime factors of 236952.
2, 3, 1097
List the prime factors of 390120.
2, 3, 5, 3251
List the prime factors of 238051.
11, 17, 19, 67
List the prime factors of 393504.
2, 3, 4099
What are the prime factors of 49122?
2, 3, 2729
What are the prime factors of 443111?
71, 79
What are the prime factors of 8302757?
937, 8861
List the prime factors of 527260.
2, 5, 41, 643
What are the prime factors of 78733?
43, 1831
List the prime factors of 7208008.
2, 29, 31069
What are the prime factors of 31382629?
17, 1846037
What are the prime factors of 11278060?
2, 5, 607, 929
What are the prime factors of 11259004?
2, 2814751
List the prime factors of 7360568.
2, 43, 21397
What are the prime factors of 106916?
2, 26729
What are the prime factors of 275763?
3, 91921
List the prime factors of 32027408.
2, 7, 23, 12433
What are the prime factors of 530868?
2, 3, 13, 41, 83
What are the prime factors of 212953?
13, 16381
What are the prime factors of 21409545?
3, 5, 17, 113, 743
What are the prime factors of 24016138?
2, 17, 706357
What are the prime factors of 553395?
3, 5, 79, 467
What are the prime factors of 278728?
2, 34841
List the prime factors of 3337283.
3337283
List the prime factors of 139714.
2, 69857
List the prime factors of 762080.
2, 5, 11, 433
What are the prime factors of 21497868?
2, 3, 7, 1741
List the prime factors of 76958.
2, 7, 23, 239
What are the prime factors of 5307104?
2, 11, 15077
List the prime factors of 145392.
2, 3, 13, 233
List the prime factors of 868966.
2, 7, 8867
What are the prime factors of 177943?
177943
List the prime factors of 719481.
3, 7, 34261
List the prime factors of 266187.
3, 88729
What are the prime factors of 9648960?
2, 3, 5, 19, 23
What are the prime factors of 71321?
73, 977
What are the prime factors of 422501?
17, 29, 857
What are the prime factors of 1300293?
3, 5351
List the prime factors of 4439698.
2, 2219849
List the prime factors of 1539571.
11, 17, 8233
What are the prime factors of 466563?
3, 155521
What are the prime factors of 2174057?
2174057
What are the prime factors of 1200415?
5, 409, 587
What are the prime factors of 571445?
5, 7, 29, 563
What are the prime factors of 13253068?
2, 3313267
What are the prime factors of 3753734?
2, 239, 7853
What are the prime factors of 184225?
5, 7369
What are the prime factors of 333216?
2, 3, 13, 89
What are the prime factors of 3612795?
3, 5, 240853
List the prime factors of 2100268.
2, 23, 37, 617
What are the prime factors of 391540?
2, 5, 19577
What are the prime factors of 972951?
3, 7, 107, 433
What are the prime factors of 347526?
2, 3, 43, 449
List the prime factors of 1397044.
2, 11, 31751
List the prime factors of 333998.
2, 7, 23857
What are the prime factors of 912519?
3, 33797
List the prime factors of 6484760.
2, 5, 162119
What are the prime factors of 183133?
367, 499
List the prime factors of 249021.
3, 23, 401
List the prime factors of 1512146.
2, 467, 1619
What are the prime factors of 8552246?
2, 593, 7211
What are the prime factors of 2012795?
5, 402559
What are the prime factors of 835739?
835739
List the prime factors of 3207028.
2, 11, 23, 3169
What are the prime factors of 235176?
2, 3, 41, 239
What are the prime factors of 2218465?
5, 23, 101, 191
List the prime factors of 4435538.
2, 17, 130457
List the prime factors of 45437.
7, 6491
List the prime factors of 66007.
149, 443
What are the prime factors of 971630?
2, 5, 11, 73
What are the prime factors of 1059250?
2, 5, 19, 223
List the prime factors of 225483.
3, 75161
List the prime factors of 11405427.
3, 11, 31, 11149
What are the prime factors of 1217609?
89, 13681
What are the prime factors of 38245?
5, 7649
What are the prime factors of 250492?
2, 11, 5693
What are the prime factors of 2014057?
19, 71, 1493
What are the prime factors of 12722102?
2, 1619, 3929
List the prime factors of 2059426.
2, 71, 14503
List the prime factors of 2119118.
2, 17, 62327
List the prime factors of 1428477.
3, 19, 1319
List the prime factors of 5879931.
3, 73, 26849
What are the prime factors of 1622031?
3, 540677
What are the prime factors of 53685?
3, 5, 1193
What are the prime factors of 43257?
3, 14419
List the prime factors of 291332.
2, 173, 421
List the prime factors of 693825.
3, 5, 11, 29
List the prime factors of 101053.
139, 727
List the prime factors of 29364.
2, 3, 2447
List the prime factors of 9367644.
2, 3, 11, 13, 53, 103
List the prime factors of 360076.
2, 90019
What are the prime factors of 158774?
2, 7, 11, 1031
List the prime factors of 19253640.
2, 3, 5, 7, 22921
What are the prime factors of 1534222?
2, 767111
What are the prime factors of 891294?
2, 3, 1